 the prime factors of 8*((-70)/l - 1).
2, 31
Suppose -l + 2*a = -2291, -11*l - 6849 = -14*l - 2*a. What are the prime factors of l?
5, 457
Suppose 0 = -4*r + 22 - 10. What are the prime factors of r + 1 - (-321 + -5)?
2, 3, 5, 11
Let m = 86 - 82. Let w(z) = 8*z**3 - 14*z**2 + 20*z - 10. What are the prime factors of w(m)?
2, 179
Suppose 4 + 0 = 2*g. Suppose -g*b - 2*p = 454, -b - 230 = -p - p. Let l = -126 - b. List the prime factors of l.
2, 3, 17
Suppose 82*k - 36628 = -5*u + 85*k, 3*k + 14644 = 2*u. What are the prime factors of u?
2, 229
Let m = -13 + -18. Let a = m - -36. Suppose -a*k + 169 = -3*k + l, k - 3*l = 88. List the prime factors of k.
5, 17
Let y(m) be the first derivative of m**4/4 + 16*m**3/3 + 7*m**2/2 - 33*m + 11. Let z be y(-15). Suppose z = d - 41. List the prime factors of d.
2
Suppose -3*f + 184 = 3*l - 2*f, -4*f = 5*l - 316. Let p be l/3*(11/(-4) + 3). Suppose -p*y + 42 = -38. What are the prime factors of y?
2
Let s(i) = 313*i**3 - 2*i + 3. Let r be s(1). Let l be (52/(-6))/(r/(-39) + 8). Suppose -f = -2, b + 5*f + 33 = l. What are the prime factors of b?
2, 3, 7
Suppose d + 251 = 3*f - 4*f, 3*d - 997 = 4*f. Let t = -106 - f. What are the prime factors of t?
2, 3
Let y = -11737 - -12012. Suppose 0 = 4*c - 543 - 133. Let v = y - c. List the prime factors of v.
2, 53
Let h be ((-16)/36)/(18/(-81)). List the prime factors of (2 + 304/6)/(h/9).
3, 79
Let w(z) = 8*z - 20. Let h be w(5). Let t = 22 - h. Suppose 0 = -n + 5, -2*n - 270 - 40 = -t*j. What are the prime factors of j?
2, 5
List the prime factors of (166248/(-56)*(-2)/3)/(7/147).
2, 3, 2309
Let g be 12/42 - 2*(-5)/(-35). Suppose 4*c - 10 = 2. Suppose -5*t - c*t + 768 = g. List the prime factors of t.
2, 3
Let f(b) = -913*b - 9765. What are the prime factors of f(-16)?
29, 167
Suppose -278*m + 4*t - 19137 = -283*m, 6*m = t + 22947. What are the prime factors of m?
3, 5, 17
Suppose 3*q - 996 = -2*i + 5*q, -1462 = -3*i - 5*q. Suppose -4*s + 94 = i. Let n = 181 + s. List the prime factors of n.
3
Suppose -6 = -7*h + 113. Suppose -2*t + 5 = 3*t, 0 = -f + 4*t + h. Suppose 0*j - f = -j - k, -76 = -4*j + 4*k. List the prime factors of j.
2, 5
Let j = -11150 + 41548. List the prime factors of j.
2, 15199
Let w = 48050 + -24432. Suppose -38*q + w + 1082 = 0. List the prime factors of q.
2, 5, 13
Let g be (-91)/(-13)*8/14. List the prime factors of 318 - -16 - (g/(-2) + 0).
2, 3, 7
Let u = 5606 - 984. List the prime factors of u.
2, 2311
Suppose 16*l - 7472 = 6560. Let c = l + -319. What are the prime factors of c?
2, 3, 31
Let h = 5 + -5. Suppose h = -k - 80 + 375. Suppose -2*o - 45 = -k. List the prime factors of o.
5
Let s = 748 - 772. List the prime factors of ((-8)/12)/((-32)/s)*-2012.
2, 503
Suppose -3009*f + 2997*f + 118776 = 0. What are the prime factors of f?
2, 7, 101
Let f(d) = -17380*d**3 + d**2 - 50*d - 50. List the prime factors of f(-1).
7, 13, 191
Let k be 3/((-9)/(-1252)) - 55/165. Let z = k - 14. List the prime factors of z.
13, 31
Suppose q + 18*q = 50*q - 535122. What are the prime factors of q?
2, 3, 7, 137
Let t be ((-780)/(-75))/(5/((-25)/2)). Let w = t + 369. What are the prime factors of w?
7
Suppose 1575 = 3*v + 1563. Suppose g = -2*g + 198. Suppose 0 = -3*h - 5*k + 218, v*k = h - k - g. What are the prime factors of h?
71
Suppose 0 = -390*j - 91*j + 9341020. List the prime factors of j.
2, 5, 971
Let l be -8 + (2 - 4 - -3). List the prime factors of (-238)/(4 - (-35)/l).
2, 7, 17
Suppose 3*d + 4*y + 225 - 7 = 0, -3*d - 188 = -2*y. Let m(b) = -9*b - 20. Let t be m(-10). Let l = t + d. List the prime factors of l.
2
Suppose 14*w = 13*w + 5. Suppose -27 = -w*v - 12. Suppose -a - v + 20 = 0. List the prime factors of a.
17
Let o(h) = 278*h**2 - 96*h - 600. What are the prime factors of o(-6)?
2, 3, 13
Let m(t) = -t**2 + 4*t - 3. Let f be m(3). Let x(q) = 11 + 43*q**2 - 3*q + 37*q**2 - 79*q**2. What are the prime factors of x(f)?
11
Suppose -4*y - 3*q - 20 = 0, 5*q - 42 = 3*y + 2. List the prime factors of ((-160)/6)/y*1005/10.
5, 67
Suppose 5*x + 21 = 4*k, 0 = -x - 2*k + 6*k - 1. List the prime factors of (-6 - 5 - x) + 468.
2, 3, 7, 11
Let w(u) = 32*u**2 - 9*u + 277. What are the prime factors of w(-27)?
2, 11, 271
Suppose -5*o = 2*q + 17, -4*o - 7 - 3 = q. Let c be q/4*1 - 286/(-4). Suppose c = 5*a - 70. List the prime factors of a.
2, 7
Let s = 6222 - -4198. What are the prime factors of s?
2, 5, 521
Let m(v) = -v**3 - 17*v**2 + 8*v + 21. Suppose -620 = -5*q - 0*k - 2*k, -20 = 4*k. Suppose 6*y + y = -q. List the prime factors of m(y).
3, 67
Let a(q) be the second derivative of -29*q**3/6 - q**2/2 + 12*q. Suppose 4*l - 3*d + 8 = 0, 2*l + 4*d = -0*d - 4. List the prime factors of a(l).
3, 19
Let c = -74 - -82. Let m be -8*(-1 - (-68)/c). Let g = 87 + m. List the prime factors of g.
3
Suppose 0*n + n = 9. Suppose n*l - l = 384. Suppose -t = 5*w - l, -4*t + w = -182 + 11. What are the prime factors of t?
43
Suppose 11648 = z - 56*i + 51*i, -2*i - 58378 = -5*z. What are the prime factors of z?
2, 5839
What are the prime factors of 10 - 16 - (-939)/3*40?
2, 6257
Let p(j) = 72*j + 170. Let y(o) = -143*o - 342. Let u(v) = 5*p(v) + 3*y(v). What are the prime factors of u(-12)?
2, 163
Suppose 0 = -5*o + 16*o. Suppose 4*d - 204 = 388. Suppose -4*s - d = -o*p - 2*p, 50 = p + 4*s. What are the prime factors of p?
2, 3, 11
Let s(u) = -u**3 - 3*u**2 + 2*u**2 - 3*u**2 - 7. Let z = -242 + 237. List the prime factors of s(z).
2, 3
Suppose -33215 = -11*z + 18056. What are the prime factors of z?
59, 79
Suppose -36*x + 33*x + 30 = 0. Suppose x*y = 5*y - 5*r, 0 = -2*y + 3*r + 10. Suppose -y*f - 3*v + 52 = -v, 0 = 4*f + v - 104. List the prime factors of f.
2, 13
Suppose 225*x = 224*x - 3. What are the prime factors of (-3315)/(-5) - x*2/(-2)?
2, 3, 5, 11
Let r(m) = m**3 + 62*m**2 - 1494*m + 31. List the prime factors of r(-78).
19219
Let k be (-2)/(-6) - ((-50)/30)/(-5). Suppose 4*g - 11*g + 4816 = k. What are the prime factors of g?
2, 43
Let v = -13 - -9. Suppose -4 = -h - 10. List the prime factors of h/v*(-1260)/(-27).
2, 5, 7
Suppose 5*x + r = 42, 5*r = 2*x + 3*r - 12. Suppose 1718 = 3*c + 2*z, c = -3*z + x*z + 584. List the prime factors of c.
2, 7, 41
What are the prime factors of 54446/(-4)*2176/(-448)?
17, 3889
Let t be (-24)/2*(-4 - (-564)/(-16)). Let f = t + -332. List the prime factors of f.
139
Let c(k) = 6*k + 50. Let n be c(-8). Let i(s) = 35*s - 1. Let y be i(n). Let u = y + 36. What are the prime factors of u?
3, 5, 7
What are the prime factors of 2 - (10/4 + 1)/((-8)/13168)?
3, 17, 113
Let j(d) = 352*d - 1396. What are the prime factors of j(48)?
2, 5, 31
Suppose 0 = -2*x - 2*q - 1800, 2*x - q + 1807 = 4*q. Let v = -273 - x. List the prime factors of v.
2, 157
Let l(r) = 4*r**2 + 31*r + 113. Let a(t) = -2*t**2 - 16*t - 56. Let v(k) = 7*a(k) + 4*l(k). What are the prime factors of v(-25)?
2, 5, 101
Suppose 6*w - 4*w - 198 = 0. Suppose 0 = -94*u + 89*u + 285. Let n = w - u. List the prime factors of n.
2, 3, 7
Suppose -y = 18*y + 152. What are the prime factors of 20*y/(-32) - -698?
19, 37
Let b(m) = m**2 + 2*m - 4. Suppose 2 = -2*s + i - 3*i, i = 5*s + 35. Let n be b(s). What are the prime factors of ((-36)/n)/(18/(-660))?
2, 3, 11
Suppose 4*d - 2206 = -2*s, 61*d - 65*d = -s - 2203. Suppose -4*j + 5*a = -2203, -8*j + 7*j + d = -a. What are the prime factors of j?
2, 3, 23
Suppose 72 - 18 = -2*r. Let p be 1 - -1 - (10 - -46). Let f = r - p. List the prime factors of f.
3
Suppose -48*h - 51*h + 533709 = 0. What are the prime factors of h?
3, 599
Suppose 5*k = -4*u + 18 - 50, 5*k = 3*u + 24. Let x be (u/(-10) + 0)/(2/20). Suppose 25 = 5*r, 0 = 4*h + 4*r - x*r - 308. List the prime factors of h.
2, 41
Suppose -2*f + 2*x = -10498, -5*f = 4*x - 5*x - 26229. List the prime factors of f.
5, 1049
Let f be 10/(-4)*(-4)/5. Suppose f*s = -2, -1 = 2*w - 3*s - 2*s. List the prime factors of (-97)/(w/(7 - 4)).
97
Suppose -55*n = -60*n + 850. Let u = 1276 - n. List the prime factors of u.
2, 7, 79
What are the prime factors of (87274/(-4) - -2)/((-25)/50)?
43633
Let c be 64/((4/8)/((-4)/2)). Let b = -154 - c. Let a = b + -78. What are the prime factors of a?
2, 3
Suppose 3*t + 12 = 0, -p + 0*t - 1 = t. Suppose 8*n + 331 = 9*n - 2*y, 1339 = 4*n - p*y. What are the p